. What is the highest common factor of n and 196?
98
Suppose 5223 = 88*c - 761. What is the greatest common divisor of c and 1037?
17
Let b(d) = 3*d**2 - 40*d + 249. Let y be b(19). What is the highest common factor of 2756 and y?
52
Let l be 433 + -5 + 7 - 2. Suppose g - 92 = 5*z, -5*g - 4*z + l = -2*z. Let h = 40 - 11. Calculate the greatest common divisor of g and h.
29
Let g be (1068/90 - 12) + (13088/15)/4. What is the highest common divisor of g and 654?
218
Let v be (-3)/(-2)*10/3. Suppose 2846 = 37*d - 7699. Suppose 5*s = -v*k - 0*s + d, 3*s + 269 = 5*k. What is the highest common divisor of k and 11?
11
Suppose 311*s = 316*s + n - 1843, 2*n + 4 = 0. What is the greatest common divisor of s and 451?
41
Let u be ((-44)/20)/((45/125)/(-9)). Calculate the highest common factor of u and 5.
5
Let q = 65 + -41. Let y(m) = -2*m**3 + 6*m - 451. Let t be y(0). Let r = 467 + t. Calculate the greatest common divisor of r and q.
8
Suppose 4*s + 296 - 620 = 0. Suppose 75 = -2*v + s. Calculate the highest common factor of v and 102.
3
Suppose f + 0*f = 3, -2*k - 3*f + 141 = 0. Suppose -404*n + 34300 - 11008 = -21148. What is the highest common divisor of n and k?
22
Suppose 11 = 4*x + 2*w - 3, 17 = x + 5*w. Let t be 12/36*(x + 1). What is the highest common divisor of 16 and t?
1
Let k(c) = 21*c**2 + c - 3. Let h be k(5). Suppose -28*q + 85*q = 33*q + 408. Calculate the greatest common factor of h and q.
17
Let o = -17 - -17. Suppose 6 - 36 = -5*k + 3*b, -4*k - 2*b + 46 = o. Suppose 5*n = 44 - k. What is the highest common factor of 49 and n?
7
Let p = -10388 - -10490. What is the highest common divisor of 426 and p?
6
Suppose 18 = 3*a + 66. Let v(t) = t**2 + 9*t - 35. Let d be v(a). What is the highest common divisor of 7 and d?
7
Let f(s) = s**2 + 76*s - 2230. Let q be f(-99). What is the greatest common factor of q and 21244?
47
Suppose -6*g - 7*g = -14*g + 4. Suppose 4*d = -2*j + 40, 3 = -d + 6. Let q = -6 + j. What is the greatest common divisor of g and q?
4
Let n(r) = 3*r + 10. Let a be n(-4). Let k be (57 - -9)*a/(-2). Let b(m) = 4*m**2 - m + 3. Let s be b(1). What is the highest common factor of k and s?
6
Let d be -10 + 4 + 3 + 7. Suppose d*o - 37 = -5*x + 65, 5*x = 5*o - 105. What is the greatest common factor of o and 184?
23
Let u = -111 - -138. Suppose -u = 5*p - 37. Let o be -152*(p/9 - (-35)/(-36)). Calculate the highest common factor of o and 6.
6
Let h(d) = -27*d + 2651. Let q be h(97). What is the greatest common factor of 2128 and q?
16
Let m(n) = -99*n + 560. Let z be m(0). What is the greatest common divisor of z and 160?
80
Let j = -466 + 466. Let m be 0 - j - -8*(-488)/(-16). Calculate the greatest common divisor of m and 61.
61
Let k = -40 + 42. Let g(m) = 2*m - 2. Let i be g(k). Suppose 19 - 47 = -i*b. What is the highest common factor of b and 7?
7
Let r = -29885 + 44133. Calculate the greatest common divisor of 104 and r.
104
Let m = 93 + -54. Suppose 33*a = m*a - 990. What is the highest common factor of a and 45?
15
Let h = 1428 - 1411. Calculate the highest common factor of 4267 and h.
17
Let x(o) = -443*o - 2954. Let k be x(-14). What is the highest common factor of 48 and k?
16
Let a = 4950 - 4890. Suppose -z - 5*s + 465 = 0, 3*z - 975 = z + 5*s. What is the greatest common factor of a and z?
60
Let i(v) = -3*v**2 - 421*v - 124. Let h be i(-123). Calculate the highest common divisor of 640 and h.
128
Let n(s) = s**3 - s**2 + s. Suppose 103*l + 3 = 104*l. Let g be n(l). What is the highest common divisor of 294 and g?
21
Let t = -71 + 77. Suppose -10 - t = -4*c, -3*c = j - 22. Let r(a) = -a**3 - 7*a**2 - 8*a - 8. Let b be r(-6). Calculate the highest common factor of j and b.
2
Suppose -3*a - 80 = -h, -4*h + 11*a = 7*a - 360. Let n = 123 - h. Calculate the highest common factor of 364 and n.
28
Let b be 13*16/24*1*9. Calculate the greatest common divisor of b and 663.
39
Suppose -5*o + 5*n + 25 = 0, 4*n + 4 = 5*o - 3*o. Suppose -d = 4*f - 8, 3*f + 3*d + 5 = 5*d. Calculate the highest common divisor of o and f.
1
Let d(r) = -2*r + 104. Let p be d(20). Suppose 0*f - 5*f + a + p = 0, -5*f = 3*a - 48. Calculate the highest common divisor of f and 42.
6
Let p be (60/18 + -3)*-201. Let x = p + 87. What is the greatest common factor of 12 and x?
4
Let o(w) = 3*w**2 - 3*w + 2. Let p be o(2). Suppose -p*z = 39416 + 56504. Let l be z/(-75) + (-2)/(-15). What is the greatest common factor of l and 20?
20
Suppose -21*b + 0*b + 714 = 0. Let s = -270 - -494. Suppose 4*j = -20 + s. What is the greatest common divisor of b and j?
17
Let z be (-63221)/(-3310) - 1/10. What is the greatest common factor of 11647 and z?
19
Suppose 5*c + 115 = 4*d - 70, 3*d - 2*c - 144 = 0. Let q be d - (0 + 0 + 6). Suppose -8 - 3 = -t. What is the greatest common divisor of q and t?
11
Let r(s) = s**3 - s**2 + 41*s + 25. Let n be r(0). What is the greatest common factor of 620 and n?
5
Suppose 9*p - 594 = -2*k + 7*p, -2*k + 4*p + 606 = 0. Let j = 73 + -251. Let y = k + j. What is the greatest common factor of 11 and y?
11
Let q be 2/(9/((-180)/8)). Let u be (-62)/q - 32/(-1040)*-13. Suppose -x - 65 = -2*m, 0 = -0*m + 4*m + 5*x - 95. What is the highest common factor of u and m?
6
Let n be -3*37*(20 - 21). Calculate the greatest common divisor of n and 4773.
111
Let r(i) = 33*i - 30*i + 4 + 5. Let d be r(13). What is the greatest common divisor of d and 12?
12
Let i(d) = -d**2 + 20*d - 15. Let q = 21 - 22. Let v be ((-9)/q)/((-1 - -3)/4). Let f be i(v). What is the highest common factor of f and 189?
21
Let d = 6561 + -1441. Calculate the greatest common factor of d and 64.
64
Suppose 0 = -3*l + 5*h + 18, -2*l - h = -2*h - 26. What is the highest common divisor of l and 4208?
16
Suppose -w = -3*p - 448, 0 = -3*w - 4*p + 6*p + 1351. Let l = -334 - -375. Calculate the greatest common divisor of w and l.
41
Suppose 0 = -3*m - 24*y + 42, -6*m + 3*m + y + 17 = 0. What is the highest common divisor of 1344 and m?
6
Suppose 81 = -23*g - 333. Let i = 49 + g. Calculate the highest common factor of i and 124.
31
Let d(u) be the third derivative of -17*u**5/60 + u**4/8 - 4*u**3/3 - 17*u**2. Let o be d(3). Let n = o + 222. Calculate the greatest common factor of 28 and n.
14
Let j be (62582/(-1162))/((-1)/21). Calculate the highest common factor of j and 87.
87
Let n = -22336 + 22368. What is the highest common divisor of 952 and n?
8
Suppose -12*l + 13*l + 823 = 4*s, s - 209 = -3*l. Let i = 300 - s. Calculate the highest common factor of 235 and i.
47
Let t = 22656 + -22526. Calculate the highest common divisor of 185 and t.
5
Suppose 3*x + 34 = 4*v - 80, 96 = 3*v + 3*x. Let g be (-15)/(-6)*(-624)/(-130). What is the highest common divisor of v and g?
6
Let n = 48 - 31. Let d be 46259/277 + -14*(-3)/(-3). What is the highest common factor of d and n?
17
Suppose 116*x - 14234 + 2633 = 695. What is the highest common factor of 12667 and x?
53
Suppose 95*n - 65596 = -24841. Calculate the greatest common factor of n and 22.
11
Let y = 259 + -257. Suppose m - 29 = -2*g, 0*g = 3*g - y*m - 40. Calculate the highest common factor of g and 399.
7
Let y = 112 + -165. Let o = y - -48. Let p be (-5 - -3 - o) + 0. What is the highest common factor of p and 12?
3
Let f = -34840 - -34845. Suppose 3*x - 5*u = 120, -2 - 58 = -x - 5*u. What is the greatest common factor of x and f?
5
Let t be (-5)/((-20)/12) - 11. Let w(y) = -2*y + 44. Let f be w(t). What is the highest common divisor of f and 48?
12
Suppose -5*y + 9210 = -5*t, -177*t + 173*t = -3*y + 5521. Calculate the highest common factor of 1 and y.
1
Let p(y) = -y**2 - 12*y + 18. Let n be p(-13). Suppose 9*t - 214 = 200. Suppose t = 6*k - 44. Calculate the greatest common factor of n and k.
5
Let x be (-24556)/((-33)/44*16/6). Calculate the greatest common divisor of x and 56.
14
Suppose -35*d + 42*d + 266 = 0. Let k = d + 86. What is the highest common divisor of 624 and k?
48
Let u(d) = 8*d**3 - 416*d**2 + 3*d - 119. Let a be u(52). What is the highest common divisor of 111 and a?
37
Let o(n) = n + 0 + 2*n**2 - 6 + 4. Let i be o(-14). What is the highest common divisor of 47 and i?
47
Suppose -11*q = -6*q + 25. Let x(l) = l**2 - 6*l - 1. Let p be x(q). Let d = 133 + p. What is the greatest common divisor of d and 17?
17
